
9
Let w(p) be the third derivative of -p**4/12 - p**3/3 + 193*p**2. Suppose -3*k + 5*k - 26 = 4*r, -r - 3*k + 11 = 0. Calculate w(r).
6
Let t(j) = j - 2. Let q be t(-4). Suppose -5*s = -3*s - 10. Let n(h) = -7 - 1 - s - h. What is n(q)?
-7
Let i(k) be the second derivative of 7*k**3/6 - k**2/2 - 287*k. Let f(g) = -g**2 - 10*g + 3. Let m be f(-10). Give i(m).
20
Let s(j) = -j**3 + 11*j**2 - 2*j - 10. Let n(r) = r**2 + r. Let m(w) = -3*n(w) + s(w). Let f(t) = -2*t**3 + 14*t**2 + 11*t - 70. Let i be f(7). Calculate m(i).
4
Let f(p) = 11*p + 5*p - p**3 - 11*p - p**3 - 3*p**2 + 4. Let s be f(-3). Let h = -21 + s. Let n(z) = z**3 + 4*z**2 - 7*z - 7. Give n(h).
3
Let l(c) = -3*c**3 + 25*c**2 - 11*c + 9. Let o(m) = -m**3 + 8*m**2 - 4*m + 3. Let a(g) = 2*l(g) - 7*o(g). Suppose 0 = -p - 0*p + 4. What is a(p)?
-11
Suppose 11*w = 4*w - 35. Let u(x) = 10*x**3 - 7*x**2 - 3. Let q(y) = 5*y**3 - 3*y**2 - 1. Let s(h) = w*q(h) + 2*u(h). Calculate s(1).
-5
Let g be (-12)/16 - 175/(-20). Let h = -6 + g. Let a(d) = -5*d + 0 - 7 - 27*d**h + 28*d**2. Give a(6).
-1
Let c(x) be the second derivative of 0*x**5 + 9*x - 1/120*x**7 + 0 + 0*x**2 + 0*x**4 + 0*x**6 + 1/2*x**3. Let i(h) be the second derivative of c(h). Give i(1).
-7
Let m(u) = 2*u + 4 - 13 - 3*u. Let j = 1833 + -1833. What is m(j)?
-9
Let z = -143 + 140. Let m(x) be the third derivative of x**5/30 + x**4/8 - 2*x**3/3 + 2*x**2. What is m(z)?
5
Let k(q) be the second derivative of -q**4/12 + 3*q**3/2 - q**2/2 + 32*q. Suppose 0 = 7*a - 6 - 43. What is k(a)?
13
Let l = -17 - 12. Let y = l + 31. Let q(w) = -4*w**3 - w**2 + 0*w**3 + w**3 + 4*w**3. What is q(y)?
4
Let w(z) = -6*z. Let b(o) = 11*o. Let g(m) = -5*b(m) - 11*w(m). Let v be (-45 + 5)/(-8) + -4. What is g(v)?
11
Let l = -3 - -8. Suppose 5*h + l = -0. Let q(j) be the first derivative of -5*j**3/3 - j**2 - j - 185. Calculate q(h).
-4
Let h = -288 + 291. Let m(k) = -3*k**2 - k. Give m(h).
-30
Let o(y) be the second derivative of y**2 - 1/20*y**5 + 36*y - 5/6*y**3 + 7/12*y**4 - 1. Let g be (-1 - 14/(-8))*8. Determine o(g).
8
Let h(p) be the second derivative of -p**5/60 + 7*p**4/24 + 3*p**3/2 + 13*p**2/2 - 9*p. Let d(j) be the first derivative of h(j). What is d(8)?
1
Let t(g) be the second derivative of -g**3/2 + g**2/2 + 128*g. What is t(-3)?
10
Let r(o) = 12*o**3 + 31*o**2 + 32*o - 24. Let g(v) = 19*v**3 + 47*v**2 + 49*v - 36. Let u(n) = -5*g(n) + 8*r(n). Determine u(-12).
0
Suppose 2*v + 1 = 2*o + 11, 15 = 3*v + 5*o. Let g(p) = p - 4. Determine g(v).
1
Let m(v) = 26*v - 32*v + 8 - 12 + v**2. Give m(7).
3
Let h(c) = 4*c + 1. Let y(q) be the second derivative of -13*q**3/6 + q**2/2 + q. Let u be y(-1). Suppose 5*s = -d - u, 5*s = -3*d + 5*d - 17. Give h(s).
-11
Let h(w) = 11*w**3 - 2*w**2 - 2*w - 1. Suppose y + 2*y + 5*f + 5 = 0, -5*y - 4*f = 17. Let i be -1*y/(-20) + (-6)/8. Determine h(i).
-12
Suppose -23 - 2 = -5*o - 5*n, 5*o = -4*n + 20. Let y = -4 - o. Let j(x) be the second derivative of x**4/12 + 2*x**3/3 - 5*x**2/2 - 4*x + 150. Give j(y).
-5
Let d(c) = 3*c - 31 + 59 - 34 - 8*c**2 + c**2 - c**3. Calculate d(-8).
34
Let f(u) be the first derivative of -u**4/4 + 3*u**3 - u**2/2 + 9*u + 245. What is f(9)?
0
Let a(g) = g**2 - 10*g. Let h be (-27 + 29)*12/3. Determine a(h).
-16
Let l(a) = -a**2 + a. Let q = -6 + 10. Determine l(q).
-12
Suppose -5*j + 25 = -25. Let k = 6 - j. Let l(z) = z**2 + 6*z + 5. Give l(k).
-3
Suppose 55*n - 53*n = -4*v - 10, -n + 2*v = -19. Suppose -i = -3*i + 6. Let g(a) = -a + 2 + i*a + 4*a - a**2. Determine g(n).
-5
Let r be 16*((-1)/3)/((-180)/405). Let j(f) = f**3 - 13*f**2 + 16*f - 10. Determine j(r).
38
Let n be (5/15)/(2/(-144)*-3). Let j(w) = w**2 - 8*w - 5. Determine j(n).
-5
Let x(c) = 6*c**2 - c - 4. Let i(v) = v**3 + v. Let k(w) = -i(w) + x(w). Suppose 13 = 2*m - 3*f, 4*f = -4*m - 0*f + 16. Determine k(m).
11
Let r(g) = -8*g + 12. Let m be (1 - -3)/4 - -1. Let w(h) = 2*h - 3. Let u(j) = m*r(j) + 9*w(j). Calculate u(-3).
-9
Let b(q) = 4*q - 1. Let u(v) = -4*v + 12. Let m(i) = -9*i + 25. Let k(n) = -6*m(n) + 13*u(n). Let f(h) = -h + 1. Let a be f(5). Let g be k(a). Give b(g).
-9
Let x(p) be the second derivative of -p**5/20 + 2*p**4/3 + 5*p**3/3 + 5*p**2 + 2*p + 23. Determine x(9).
19
Let b(k) = 0*k + 8*k - 19 - 7*k - k**2. What is b(0)?
-19
Let k = 7 + -11. Let s(l) be the second derivative of l**5/20 + l**4/3 + l**3/6 - 2*l**2 + 217*l. What is s(k)?
-8
Let g(w) = -w**3 - 2*w**2 + w + 2. Suppose p = -2*c + c + 2, 4*c - 3*p = -20. What is g(c)?
0
Let f = -2 - -1. Let l(i) = 2323*i - 2327*i + 200 - 200. Calculate l(f).
4
Let j(g) = 5*g**3 + 3*g - 4. Let y(r) = -11*r**3 + r**2 - 6*r + 9. Let n(w) = 9*j(w) + 4*y(w). Suppose 0 = -25*o + 22*o + 4*c - 6, 5*c = 0. Give n(o).
2
Let w(n) = -2*n**2 + 15*n - 2. Let a be (-2)/17 - (-121)/17. Give w(a).
5
Let s(v) = -2 - 5*v + 4*v**2 + 4*v + 0*v + 0*v. Let l = -35 + 29. Let n = 8 + l. Calculate s(n).
12
Let k(y) = -y + 2. Let a = 54 - 47. Suppose a*c = 4*c + 18. Calculate k(c).
-4
Let l = 43 - 38. Let f(i) = -l + i + 2 - 4 + 0. Give f(5).
-2
Let l(d) be the second derivative of 5/6*d**3 - 1/4*d**4 + 3/2*d**2 - 1/20*d**5 + 0 + 2*d. What is l(-4)?
-1
Suppose -2*f = 4 - 12. Let h(o) be the first derivative of 5 - 4*o - 1/3*o**3 + 4*o**2. What is h(f)?
12
Let f(s) be the second derivative of -s**3/6 + 11*s**2/2 - 14*s - 4. What is f(5)?
6
Suppose k + 35 = 4. Suppose 0 = -5*q, 13*c - 14*c - 32 = -4*q. Let d = c - k. Let u(a) = -6*a**3 + 2*a**2 - 1. Give u(d).
7
Let o(s) = -s**3 + s**2 - 1. Let t(z) be the third derivative of -7*z**6/120 + 7*z**5/60 - z**4/24 - 17*z**3/6 + 41*z**2. Let c(b) = 6*o(b) - t(b). Give c(0).
11
Suppose 4*s + 4*t + 4 = 0, 3*s + 2*t + 11 = 4*s. Suppose -s*d - 3*z + 8 = -2*d, 5*d + 3*z - 28 = 0. Let j(i) = 2*i - 2. What is j(d)?
8
Let h(j) be the third derivative of 0 - 1/40*j**5 + 0*j**3 + 0*j - 4*j**2 + 1/720*j**6 - 1/24*j**4. Let c(q) be the second derivative of h(q). What is c(4)?
1
Let w(q) = 4*q**3 - 2*q**2 + 1. Let u(t) = 3*t**2 - 9*t + 5 + 8 - 12 - 4*t**2. Let g be u(-9). Give w(g).
3
Let q(j) be the third derivative of -j**6/120 - j**5/12 + j**4/12 - 5*j**3/6 - 20*j**2. Suppose 12*a + 34 + 26 = 0. Calculate q(a).
-15
Let b(l) be the first derivative of 3*l**2/2 + 5*l - 275. Calculate b(-4).
-7
Let o be 48/(-21) - 16/(-56). Let z(c) = c**2 + 6*c + 3. What is z(o)?
-5
Let v = 20 + -28. Let j be (-16)/(-9) - v/36. Let p(l) = l - 3 - 3 - j*l + 0. Determine p(-6).
0
Let g(d) be the second derivative of -d**4/12 + 25*d**3/6 - 7*d**2/2 + 24*d + 1. Give g(25).
-7
Let i(d) = -d**2 + 6*d - 4. Suppose -5*c + 18 = 3*n, n + 16 = -3*n. What is i(c)?
-4
Suppose -8*g - 5*k = -11*g + 8, -8 = -5*g + 3*k. Let l(a) = 20*a + 1. Calculate l(g).
21
Suppose -4*s + 3 = -3*s. Let c(g) = -s*g - 4 + 3*g - g. Give c(4).
-8
Let a(g) = 0*g**2 + 2*g**2 - 3*g**2. Let j(k) = -k**3 + 2*k**2 + 2*k + 1. Suppose 0*l + 2*l + 14 = 2*f, -1 = f + l. Let m be j(f). What is a(m)?
-4
Let b = 13 + -10. Suppose 2*q = 2*n + 4, -5*q - 5*n = -4*q - 20. Let i(w) = b + 4 - w - 3 - q. Calculate i(-2).
1
Let a(t) = -3*t**2 - 19*t - 23. Let y(k) = -4*k**2 - 19*k - 23. Let n(g) = 3*a(g) - 2*y(g). What is n(-18)?
-5
Let k(i) be the third derivative of i**4/24 + 2*i**3/3 + 17*i**2. Suppose 5*m = 5, 10 = -f + 3*m + 3. Determine k(f).
0
Let p(n) = -n**3 - 59 + 4*n**2 - 2*n**2 - 60 - n + 117. Determine p(2).
-4
Suppose 0 = 5*h + 5, 5*i - 4*h - 79 = 0. Suppose v - i = -2*v. Let g(w) = 8*w**2 - 1 - 2*w - 3*w - 7*w**2. Give g(v).
-1
Let t(b) = -b + 5. Suppose 2*i - 2*f - 22 = 0, 0*i - 20 = -4*i - 4*f. Let h = 13 - i. What is t(h)?
0
Let u(k) be the second derivative of k**6/120 + k**5/20 + k**4/12 - 2*k**3/3 - 19*k**2/2 - 3*k. Let z(f) be the first derivative of u(f). Give z(-3).
-10
Let v(z) be the second derivative of z**4/4 - z**3/6 - 2*z. Let m(l) = -4*l + 14. Let f be m(10). Let h = 25 + f. Calculate v(h).
4
Let l(o) = -7 + 15*o + 14*o - 74*o + o**2 + 21*o + 30*o. Let v(u) = 8*u + 1. Let q be v(-1). What is l(q)?
0
Let t(w) = -3*w - 1. Suppose -4*f + 0*c = -c + 37, -4*f = 2*c + 46. Let y be 6/f*(2 - 7). Calculate t(y).
-10
Let w be 30/(-5) + (9 - 13). Let s(c) = c**3 + 9*c**2 - 11*c. What is s(w)?
10
Let c be -2 + 0 + (1 - 6). Let w = c + 12. Let l(s) be the third derivative of s**6/120 - s**5/15 - s**4/4 + 7